{"id":292,"date":"2019-06-19T20:47:31","date_gmt":"2019-06-19T18:47:31","guid":{"rendered":"http:\/\/fchard.com\/?page_id=292"},"modified":"2025-01-01T09:57:03","modified_gmt":"2025-01-01T08:57:03","slug":"spieler-anmeldung","status":"publish","type":"page","link":"http:\/\/fchard.com\/?page_id=292","title":{"rendered":"Spieler Anmeldung"},"content":{"rendered":"\n<p>Registrierte Spieler m\u00fcssen den j\u00e4hrlichen Mitgliederbeitrag von Fr.300 bezahlen. <strong>Als Anzahlung fallen 150.-<\/strong> <strong>an<\/strong>. bei der Anmeldung an. Damit werden die Kosten f\u00fcr die Sportanlagen, die Ausr\u00fcstung und die Schiedsrichtergeb\u00fchren usw. gedeckt.  Um Ihre Anmeldung zu beschleunigen, stellen Sie bitte sicher, dass Ihre Zahlung unverz\u00fcglich beim Club eintrifft.<\/p>\n\n\n\n<p>Registered players are required to pay the annual membership fee of Fr.300.  <strong>150 Francs must be paid beforehand at the registration<\/strong>. This covers the costs of our training facilities, equipment and referee fees, etc.  In order to expedite your registration, please ensure your payment reaches the club without delay.<\/p>\n\n\n\n<p><strong>Zahlungsm\u00f6glichkeiten \/ Payment Options<\/strong><\/p>\n\n\n\n<ul><li>Bank: CH53 0900 0000 8001 5190 1  (POFICHBEXXX)<\/li><li>Twint: +41 79 405 85 39<\/li><\/ul>\n\n\n\n<p>Zahlungsgrund (Payment Reason): <strong>Mitgliederbeitrag<\/strong><\/p>\n\n\n<div role=\"form\" class=\"wpcf7\" id=\"wpcf7-f291-o1\" lang=\"en-GB\" dir=\"ltr\">\n<div class=\"screen-reader-response\"><p role=\"status\" aria-live=\"polite\" aria-atomic=\"true\"><\/p> <ul><\/ul><\/div>\n<form action=\"\/index.php?rest_route=%2Fwp%2Fv2%2Fpages%2F292#wpcf7-f291-o1\" method=\"post\" class=\"wpcf7-form init\" enctype=\"multipart\/form-data\" novalidate=\"novalidate\" data-status=\"init\">\n<div style=\"display: none;\">\n<input type=\"hidden\" name=\"_wpcf7\" value=\"291\" \/>\n<input type=\"hidden\" name=\"_wpcf7_version\" value=\"5.6.2\" \/>\n<input type=\"hidden\" name=\"_wpcf7_locale\" value=\"en_GB\" \/>\n<input type=\"hidden\" name=\"_wpcf7_unit_tag\" value=\"wpcf7-f291-o1\" \/>\n<input type=\"hidden\" name=\"_wpcf7_container_post\" value=\"0\" \/>\n<input type=\"hidden\" name=\"_wpcf7_posted_data_hash\" value=\"\" \/>\n<\/div>\n<p><label> Name (Name)<br\/> <span class=\"wpcf7-form-control-wrap\" data-name=\"your-name\"><input type=\"text\" name=\"your-name\" value=\"\" size=\"40\" class=\"wpcf7-form-control wpcf7-text wpcf7-validates-as-required\" aria-required=\"true\" aria-invalid=\"false\" \/><\/span> <\/label><br \/>\n<label> Vorname (First Name)<br\/> <span class=\"wpcf7-form-control-wrap\" data-name=\"your-firstname\"><input type=\"text\" name=\"your-firstname\" value=\"\" size=\"40\" class=\"wpcf7-form-control wpcf7-text wpcf7-validates-as-required\" aria-required=\"true\" aria-invalid=\"false\" \/><\/span> <\/label><br \/>\n<label> Adresse (Address)<br\/> <span class=\"wpcf7-form-control-wrap\" data-name=\"your-address\"><textarea name=\"your-address\" cols=\"40\" rows=\"3\" class=\"wpcf7-form-control wpcf7-textarea wpcf7-validates-as-required\" aria-required=\"true\" aria-invalid=\"false\"><\/textarea><\/span><\/label><br \/>\n<label> PLZ (Zip\/Post Code e.g. 8001)<br\/> <span class=\"wpcf7-form-control-wrap\" data-name=\"your-PLZ\"><input type=\"text\" name=\"your-PLZ\" value=\"\" size=\"40\" class=\"wpcf7-form-control wpcf7-text wpcf7-validates-as-required\" aria-required=\"true\" aria-invalid=\"false\" \/><\/span><\/label><br \/>\n<label> Geburtsdatum (Birthdate)<br\/> <span class=\"wpcf7-form-control-wrap\" data-name=\"your-dob\"><input type=\"date\" name=\"your-dob\" value=\"\" class=\"wpcf7-form-control wpcf7-date wpcf7-validates-as-required wpcf7-validates-as-date\" aria-required=\"true\" aria-invalid=\"false\" \/><\/span> <\/label><br \/>\n<label> Nationalit\u00e4t (Nationality)<br\/> <span class=\"wpcf7-form-control-wrap\" data-name=\"your-nationality\"><input type=\"text\" name=\"your-nationality\" value=\"\" size=\"40\" class=\"wpcf7-form-control wpcf7-text wpcf7-validates-as-required\" aria-required=\"true\" aria-invalid=\"false\" \/><\/span> <\/label><br \/>\n<label> Telefon (Mobile)<br\/> <span class=\"wpcf7-form-control-wrap\" data-name=\"your-telefon\"><input type=\"text\" name=\"your-telefon\" value=\"\" size=\"40\" maxlength=\"20\" minlength=\"10\" class=\"wpcf7-form-control wpcf7-text wpcf7-validates-as-required\" aria-required=\"true\" aria-invalid=\"false\" \/><\/span> <\/label><br \/>\n<label> Email<br\/> <span class=\"wpcf7-form-control-wrap\" data-name=\"your-email\"><input type=\"email\" name=\"your-email\" value=\"\" size=\"40\" class=\"wpcf7-form-control wpcf7-text wpcf7-email wpcf7-validates-as-required wpcf7-validates-as-email\" aria-required=\"true\" aria-invalid=\"false\" \/><\/span> <\/label><br \/>\n<label> Sprache (Language)<br\/> <span class=\"wpcf7-form-control-wrap\" data-name=\"your-language\"><input type=\"text\" name=\"your-language\" value=\"\" size=\"40\" class=\"wpcf7-form-control wpcf7-text wpcf7-validates-as-required\" aria-required=\"true\" aria-invalid=\"false\" \/><\/span> <\/label><br \/>\n<label> Team<br\/> <span class=\"wpcf7-form-control-wrap\" data-name=\"your-team\"><select name=\"your-team\" class=\"wpcf7-form-control wpcf7-select wpcf7-validates-as-required\" aria-required=\"true\" aria-invalid=\"false\"><option value=\"H1\">H1<\/option><option value=\"Seniors 30+\">Seniors 30+<\/option><option value=\"Veteranen 50+\">Veteranen 50+<\/option><\/select><\/span><\/label><\/p>\n<p><b>Uploads<\/b><\/p>\n<p><label> Passfoto (please upload a headshot, as if you were applying for a passport) <span class=\"wpcf7-form-control-wrap\" data-name=\"file-photo\"><input type=\"file\" name=\"file-photo\" size=\"40\" class=\"wpcf7-form-control wpcf7-file wpcf7-validates-as-required\" accept=\".jpeg,.jpg,.png,.pdf\" aria-required=\"true\" aria-invalid=\"false\" \/><\/span><\/label><br \/>\nMax: 3MB<br \/>\n<label> Pass oder Ausl\u00e4nderausweis (Passport or Residence Permit) <span class=\"wpcf7-form-control-wrap\" data-name=\"file-ausweis\"><input type=\"file\" name=\"file-ausweis\" size=\"40\" class=\"wpcf7-form-control wpcf7-file wpcf7-validates-as-required\" accept=\".jpeg,.jpg,.png,.pdf\" aria-required=\"true\" aria-invalid=\"false\" \/><\/span><\/label><br \/>\nMax: 3MB<br \/>\n<label> Beleg Zahlung CHF 100.- (Proof of payment for CHF 100.-) <span class=\"wpcf7-form-control-wrap\" data-name=\"file-beleg\"><input type=\"file\" name=\"file-beleg\" size=\"40\" class=\"wpcf7-form-control wpcf7-file wpcf7-validates-as-required\" accept=\".jpeg,.jpg,.png,.pdf\" aria-required=\"true\" aria-invalid=\"false\" \/><\/span><\/label><\/p>\n<p><span id=\"wpcf7-69fcb91032b5d-wrapper\" class=\"wpcf7-form-control-wrap honeypot-151-wrap\" style=\"display:none !important; visibility:hidden !important;\"><label for=\"wpcf7-69fcb91032b5d-field\" class=\"hp-message\">Please leave this field empty.<\/label><input id=\"wpcf7-69fcb91032b5d-field\"  class=\"wpcf7-form-control wpcf7-text\" type=\"text\" name=\"honeypot-151\" value=\"\" size=\"40\" tabindex=\"-1\" autocomplete=\"new-password\" \/><\/span><\/p>\n<p><input type=\"submit\" value=\"Send\" class=\"wpcf7-form-control has-spinner wpcf7-submit\" \/><\/p>\n<p style=\"display: none !important;\"><label>&#916;<textarea name=\"_wpcf7_ak_hp_textarea\" cols=\"45\" rows=\"8\" maxlength=\"100\"><\/textarea><\/label><input type=\"hidden\" id=\"ak_js_1\" name=\"_wpcf7_ak_js\" value=\"41\"\/><script>document.getElementById( \"ak_js_1\" ).setAttribute( \"value\", ( new Date() ).getTime() );<\/script><\/p><div class=\"wpcf7-response-output\" aria-hidden=\"true\"><\/div><\/form><\/div>\n","protected":false},"excerpt":{"rendered":"<p>Registrierte Spieler m\u00fcssen den j\u00e4hrlichen Mitgliederbeitrag von Fr.300 bezahlen. Als Anzahlung fallen 150.- an. bei der Anmeldung an. Damit werden die Kosten f\u00fcr die Sportanlagen, die Ausr\u00fcstung und die Schiedsrichtergeb\u00fchren usw. gedeckt. Um Ihre Anmeldung zu beschleunigen, stellen Sie bitte sicher, dass Ihre Zahlung unverz\u00fcglich beim Club eintrifft. Registered players are required to pay the &hellip; <a href=\"http:\/\/fchard.com\/?page_id=292\" class=\"more-link\">Continue reading <span class=\"screen-reader-text\">Spieler Anmeldung<\/span> <span class=\"meta-nav\">&rarr;<\/span><\/a><\/p>\n","protected":false},"author":1,"featured_media":0,"parent":6,"menu_order":4,"comment_status":"closed","ping_status":"closed","template":"","meta":[],"_links":{"self":[{"href":"http:\/\/fchard.com\/index.php?rest_route=\/wp\/v2\/pages\/292"}],"collection":[{"href":"http:\/\/fchard.com\/index.php?rest_route=\/wp\/v2\/pages"}],"about":[{"href":"http:\/\/fchard.com\/index.php?rest_route=\/wp\/v2\/types\/page"}],"author":[{"embeddable":true,"href":"http:\/\/fchard.com\/index.php?rest_route=\/wp\/v2\/users\/1"}],"replies":[{"embeddable":true,"href":"http:\/\/fchard.com\/index.php?rest_route=%2Fwp%2Fv2%2Fcomments&post=292"}],"version-history":[{"count":6,"href":"http:\/\/fchard.com\/index.php?rest_route=\/wp\/v2\/pages\/292\/revisions"}],"predecessor-version":[{"id":6599,"href":"http:\/\/fchard.com\/index.php?rest_route=\/wp\/v2\/pages\/292\/revisions\/6599"}],"up":[{"embeddable":true,"href":"http:\/\/fchard.com\/index.php?rest_route=\/wp\/v2\/pages\/6"}],"wp:attachment":[{"href":"http:\/\/fchard.com\/index.php?rest_route=%2Fwp%2Fv2%2Fmedia&parent=292"}],"curies":[{"name":"wp","href":"https:\/\/api.w.org\/{rel}","templated":true}]}}